e 3
2
Convert 0 (base 5) to base 9.
0
1 (base 16) to base 11
1
4 (base 13) to base 15
4
-13 (base 6) to base 14
-9
What is -10 (base 9) in base 8?
-11
0 (base 9) to base 7
0
Convert -b4 (base 14) to base 3.
-12212
Convert 2 (base 7) to base 16.
2
Convert 276 (base 10) to base 5.
2101
What is 3 (base 9) in base 5?
3
Convert 12 (base 4) to base 11.
6
What is 1000 (base 3) in base 10?
27
Convert 20 (base 16) to base 5.
112
What is -3 (base 13) in base 7?
-3
What is -10 (base 3) in base 6?
-3
What is 11 (base 2) in base 7?
3
-100 (base 2) to base 3
-11
Convert 22 (base 14) to base 12.
26
What is -142 (base 5) in base 16?
-2f
What is -31 (base 7) in base 4?
-112
Convert 6 (base 10) to base 8.
6
What is -14 (base 16) in base 12?
-18
0 (base 15) to base 9
0
15 (base 6) to base 7
14
-2 (base 10) to base 6
-2
Convert 12 (base 8) to base 2.
1010
Convert 10 (base 8) to base 15.
8
Convert -4 (base 7) to base 16.
-4
What is 21 (base 12) in base 10?
25
Convert -21 (base 3) to base 12.
-7
Convert -23 (base 7) to base 12.
-15
What is 77 (base 11) in base 2?
1010100
Convert -2a (base 14) to base 11.
-35
What is 1 (base 8) in base 9?
1
What is -134 (base 12) in base 2?
-10111000
What is 4 (base 15) in base 6?
4
What is 3 (base 11) in base 6?
3
Convert -36 (base 8) to base 12.
-26
5 (base 8) to base 15
5
What is 210 (base 9) in base 11?
146
3e (base 15) to base 11
54
536 (base 7) to base 16
110
Convert 420 (base 5) to base 12.
92
Convert -103 (base 5) to base 7.
-40
What is -38 (base 15) in base 4?
-311
What is 255 (base 6) in base 14?
79
10 (base 16) to base 12
14
What is -111 (base 2) in base 9?
-7
Convert 20 (base 10) to base 11.
19
Convert 11 (base 2) to base 3.
10
Convert -116 (base 9) to base 6.
-240
What is 11010 (base 2) in base 13?
20
-4 (base 15) to base 16
-4
Convert 37 (base 13) to base 15.
31
What is -406 (base 9) in base 7?
-651
What is -2b (base 15) in base 10?
-41
Convert -1 (base 15) to base 7.
-1
10 (base 4) to base 10
4
What is -15 (base 16) in base 8?
-25
Convert -8b (base 15) to base 11.
-10a
Convert -13 (base 4) to base 14.
-7
Convert -200 (base 3) to base 12.
-16
What is -35 (base 15) in base 6?
-122
Convert 11 (base 14) to base 10.
15
47 (base 10) to base 12
3b
2 (base 16) to base 2
10
What is -6 (base 11) in base 14?
-6
10120 (base 3) to base 10
96
What is 4 (base 15) in base 11?
4
3 (base 11) to base 13
3
20 (base 7) to base 10
14
What is 1203 (base 5) in base 14?
ca
7 (base 8) to base 5
12
What is 15 (base 14) in base 16?
13
Convert -47 (base 8) to base 11.
-36
-33 (base 12) to base 5
-124
13 (base 5) to base 6
12
What is -2 (base 8) in base 3?
-2
What is -4 (base 7) in base 9?
-4
Convert -1 (base 4) to base 15.
-1
Convert 3 (base 15) to base 3.
10
Convert -54 (base 14) to base 10.
-74
What is -26 (base 7) in base 15?
-15
-37 (base 9) to base 12
-2a
Convert 2 (base 11) to base 10.
2
What is 2102 (base 3) in base 12?
55
What is 8 (base 11) in base 10?
8
What is -49 (base 12) in base 8?
-71
5 (base 6) to base 13
5
-1 (base 2) to base 10
-1
What is -244 (base 8) in base 9?
-202
4 (base 6) to base 5
4
Convert -10001001 (base 2) to base 6.
-345
Convert -1010 (base 2) to base 9.
-11
-2 (base 10) to base 5
-2
-2 (base 15) to base 12
-2
What is -5 (base 11) in base 4?
-11
Convert 5 (base 11) to base 9.
5
-16 (base 15) to base 6
-33
What is 1 (base 3) in base 11?
1
Convert -4 (base 15) to base 5.
-4
What is 2d (base 15) in base 8?
53
Convert -35 (base 14) to base 11.
-43
Convert -1 (base 5) to base 12.
-1
10 (base 3) to base 14
3
What is -331 (base 5) in base 11?
-83
32 (base 15) to base 5
142
What is 6 (base 13) in base 14?
6
126 (base 9) to base 4
1221
What is 5 (base 16) in base 4?
11
Convert a (base 11) to base 6.
14
110001 (base 2) to base 5
144
What is -5 (base 9) in base 8?
-5
Convert -2 (base 14) to base 10.
-2
What is -90 (base 13) in base 10?
-117
-14 (base 5) to base 12
-9
What is 18 (base 13) in base 2?
10101
-11a (base 13) to base 2
-11000000
Convert -2110 (base 3) to base 16.
-42
What is -1 (base 7) in base 13?
-1
Convert -10 (base 8) to base 5.
-13
What is -11 (base 4) in base 5?
-10
What is -1 (base 11) in base 13?
-1
10 (base 2) to base 11
2
What is -24 (base 8) in base 2?
-10100
-7 (base 16) to base 2
-111
-62 (base 7) to base 5
-134
-d (base 16) to base 14
-d
-5 (base 16) to base 7
-5
What is -4a (base 11) in base 3?
-2000
57 (base 15) to base 7
145
50 (base 14) to base 3
2121
Convert -1010100 (base 2) to base 3.
-10010
Convert -2 (base 15) to base 9.
-2
What is -c5 (base 16) in base 9?
-238
Convert 2 (base 7) to base 14.
2
1001 (base 2) to base 11
9
Convert -9 (base 12) to base 4.
-21
What is -5 (base 12) in base 5?
-10
Convert -2 (base 13) to base 12.
-2
What is 11 (base 2) in base 8?
3
What is 1 (base 2) in base 10?
1
-10 (base 10) to base 4
-22
What is -3 (base 7) in base 6?
-3
10 (base 11) to base 6
15
0 (base 5) to base 10
0
164 (base 11) to base 9
232
13 (base 6) to base 5
14
What is 2001 (base 3) in base 16?
37
What is -4 (base 12) in base 6?
-4
0 (base 11) to base 10
0
Convert -6 (base 8) to base 16.
-6
-20 (base 10) to base 9
-22
What is 70 (base 15) in base 11?
96
Convert -10 (base 11) to base 13.
-b
What is 40 (base 9) in base 15?
26
Convert 261 (base 7) to base 8.
215
What is 102 (base 8) in base 14?
4a
122 (base 8) to base 3
10001
Convert 11 (base 10) to base 7.
14
What is -1 (base 2) in base 8?
-1
-254 (base 8) to base 14
-c4
What is 3 (base 7) in base 6?
3
-163 (base 14) to base 11
-238
Convert -33 (base 6) to base 8.
-25
What is 214 (base 6) in base 12?
6a
-10 (base 9) to base 12
-9
What is -2 (base 11) in base 14?
-2
What is -3 (base 5) in base 2?
-11
What is 14 (base 7) in base 16?
b
Convert -5 (base 11) to base 14.
-5
What is -10100101 (base 2) in base 10?
-165
Convert 4 (base 13) to base 3.
11
3 (base 5) to base 14
3
0 (base 6) to base 7
0
-3 (base 5) to base 15
-3
What is 2 (base 6) in base 8?
2
Convert -3 (base 7) to base 9.
-3
Convert -22 (base 3) to base 11.
-8
What is -58 (base 10) in base 9?
-64
Convert -12 (base 5) to base 4.
-13
Convert 3 (base 8) to base 11.
3
Convert -3c (base 13) to base 16.
-33
-10000 (base 2) to base 12
-14
0 (base 9) to base 2
0
What is 1111 (base 2) in base 15?
10
-203 (base 6) to base 14
-55
What is -50 (base 15) in base 3?
-2210
What is 157 (base 11) in base 16?
b7
Convert -10 (base 10) to base 3.
-101
103 (base 4) to base 8
23
Convert 3 (base 12) to base 2.
11
What is -325 (base 10) in base 2?
-101000101
What is 1 (base 8) in base 3?
1
What is 2 (base 3) in base 11?
2
Convert -c8 (base 13) to base 11.
-13a
What is 1 (base 9) in base 14?
1
-9 (base 12) to base 4
-21
-1 (base 14) to base 7
-1
Convert -334 (base 6) to base 12.
-aa
What is -120 (base 3) in base 10?
-15
1 (base 5) to base 16
1
Convert 2 (base 5) to base 10.
2
-43 (base 9) to base 7
-54
Convert -2 (base 12) to base 15.
-2
-14 (base 11) to base 9
-16
-1343 (base 6) to base 5
-2401
What is -3 (base 4) in base 15?
-3
What is -3 (base 4) in base 8?
-3
What is -1 (base 11) in base 12?
-1
110 (base 2) to base 9
6
What is 202 (base 4) in base 13?
28
Convert -3 (base 11) to base 16.
-3
What is 3 (base 7) in base 10?
3
-36 (base 7) to base 16
-1b
-12 (base 3) to base 16
-5
Convert -11 (base 4) to base 16.
-5
Convert 1a (base 11) to base 13.
18
Convert -1 (base 10) to base 8.
-1
Convert -17 (base 14) to base 8.
-25
Convert -100 (base 4) to base 2.
-10000
Convert 56 (base 9) to base 6.
123
Convert 0 (base 16) to base 3.
0
What is -2 (base 9) in base 5?
-2
What is -18 (base 11) in base 14?
-15
Convert 0 (base 5) to base 14.
0
-12 (base 10) to base 2
-1100
4 (base 14) to base 8
4
What is 14 (base 12) in base 9?
17
What is -4 (base 13) in base 11?
-4
Convert 11 (base 14) to base 4.
33
Convert -19 (base 13) to base 16.
-16
-1002 (base 3) to base 10
-29
10c (base 15) to base 10
237
Convert -30 (base 8) to base 9.
-26
Convert -1202 (base 3) to base 14.
-35
What is 20 (base 5) in base 9?
11
Convert -2 (base 10) to base 11.
-2
What is -22 (base 10) in base 4?
-112
What is -13 (base 7) in base 5?
-20
Convert 2412 (base 5) to base 14.
1b7
What is 4e (base 16) in base 4?
1032
-4 (base 14) to base 15
-4
What is -64 (base 14) in base 10?
-88
Convert 124 (base 10) to base 3.
11121
Convert -36 (base 7) to base 5.
-102
-18 (base 9)